hen 44121135 is divided by 509?
506
Calculate the remainder when 3823219 is divided by 101.
66
Calculate the remainder when 39420 is divided by 9793.
248
Calculate the remainder when 1118863 is divided by 1776.
1759
Calculate the remainder when 5769763 is divided by 357.
286
Calculate the remainder when 4227070 is divided by 344.
342
What is the remainder when 6255832 is divided by 63835?
2
Calculate the remainder when 205816082 is divided by 149.
147
What is the remainder when 396909 is divided by 446?
415
Calculate the remainder when 819602 is divided by 2636.
2442
Calculate the remainder when 398520 is divided by 11800.
9120
What is the remainder when 34953468 is divided by 141?
132
What is the remainder when 404115 is divided by 6626?
6555
Calculate the remainder when 100181 is divided by 10797.
3008
What is the remainder when 646850 is divided by 323418?
14
Calculate the remainder when 1446145 is divided by 591.
559
Calculate the remainder when 13399 is divided by 1569.
847
Calculate the remainder when 1171073 is divided by 234056.
793
What is the remainder when 2125725 is divided by 708572?
9
Calculate the remainder when 1888560 is divided by 236069.
8
Calculate the remainder when 3103135676 is divided by 48.
44
Calculate the remainder when 25477833 is divided by 23.
20
What is the remainder when 41689297 is divided by 2084463?
37
What is the remainder when 34252 is divided by 33589?
663
Calculate the remainder when 2462360 is divided by 262.
84
What is the remainder when 53132 is divided by 2647?
192
What is the remainder when 504288 is divided by 746?
738
What is the remainder when 2136783 is divided by 1486?
1401
Calculate the remainder when 100745010 is divided by 257.
239
What is the remainder when 371060 is divided by 186?
176
Calculate the remainder when 11479445 is divided by 104.
29
What is the remainder when 1735888 is divided by 31560?
88
Calculate the remainder when 143529 is divided by 770.
309
What is the remainder when 42355356 is divided by 239?
15
Calculate the remainder when 1847831 is divided by 390.
11
What is the remainder when 18647 is divided by 2821?
1721
What is the remainder when 2977674 is divided by 26?
24
What is the remainder when 3280312 is divided by 982?
432
What is the remainder when 316199050 is divided by 47?
17
Calculate the remainder when 14842647 is divided by 76.
75
Calculate the remainder when 1125709 is divided by 6864.
13
What is the remainder when 6592075 is divided by 69390?
25
What is the remainder when 333357 is divided by 55558?
9
What is the remainder when 4049542 is divided by 19192?
30
What is the remainder when 39345656 is divided by 5604?
5576
Calculate the remainder when 1531177 is divided by 2.
1
Calculate the remainder when 5663513 is divided by 4700.
13
Calculate the remainder when 1276046 is divided by 16.
14
Calculate the remainder when 338185445 is divided by 661.
659
Calculate the remainder when 644667 is divided by 510.
27
What is the remainder when 93034 is divided by 46?
22
What is the remainder when 100988959 is divided by 2306?
2301
What is the remainder when 5810637 is divided by 372?
369
Calculate the remainder when 6320615 is divided by 104.
15
What is the remainder when 1763246 is divided by 91?
30
Calculate the remainder when 3100367 is divided by 63.
11
Calculate the remainder when 1388909 is divided by 5961.
5957
Calculate the remainder when 12509594 is divided by 16.
10
What is the remainder when 22536034 is divided by 20?
14
Calculate the remainder when 95785 is divided by 768.
553
What is the remainder when 40593 is divided by 1562?
1543
Calculate the remainder when 1111821 is divided by 3097.
3095
What is the remainder when 40513 is divided by 6735?
103
Calculate the remainder when 3838141 is divided by 106614.
37
Calculate the remainder when 13755248 is divided by 327.
320
Calculate the remainder when 190106 is divided by 1584.
26
What is the remainder when 27985080 is divided by 105?
60
Calculate the remainder when 2717 is divided by 2604.
113
Calculate the remainder when 4415240 is divided by 888.
104
Calculate the remainder when 2133402 is divided by 62747.
4
What is the remainder when 136033479 is divided by 45344481?
36
Calculate the remainder when 4241474 is divided by 5755.
39
What is the remainder when 25297629 is divided by 288?
285
What is the remainder when 44687 is divided by 2153?
1627
What is the remainder when 126540 is divided by 5500?
40
Calculate the remainder when 4127859 is divided by 29912.
3
Calculate the remainder when 532285 is divided by 2071.
38
Calculate the remainder when 11542029 is divided by 1923668.
21
What is the remainder when 582442 is divided by 96939?
808
What is the remainder when 29736403 is divided by 998?
993
What is the remainder when 3441147 is divided by 17646?
177
Calculate the remainder when 349019 is divided by 83141.
16455
What is the remainder when 3450011 is divided by 1149986?
53
Calculate the remainder when 3319762 is divided by 41.
33
What is the remainder when 455657 is divided by 455655?
2
What is the remainder when 63654 is divided by 1073?
347
What is the remainder when 259468 is divided by 31?
29
What is the remainder when 14036 is divided by 117?
113
What is the remainder when 139289 is divided by 5566?
139
Calculate the remainder when 1879772 is divided by 469941.
8
What is the remainder when 28059370 is divided by 12?
10
Calculate the remainder when 190206163 is divided by 8269833.
4
Calculate the remainder when 4789471 is divided by 46955.
61
What is the remainder when 1801848 is divided by 46201?
9
Calculate the remainder when 156728 is divided by 439.
5
What is the remainder when 1823620 is divided by 1936?
1844
What is the remainder when 91418 is divided by 16724?
7798
Calculate the remainder when 116721 is divided by 38896.
33
What is the remainder when 71985 is divided by 23596?
1197
What is the remainder when 783067 is divided by 39?
25
What is the remainder when 159606723 is divided by 178?
175
Calculate the remainder when 381107 is divided by 9636.
5303
What is the remainder when 538888 is divided by 1346?
488
What is the remainder when 432764 is divided by 2775?
2639
What is the remainder when 11417 is divided by 200?
17
Calculate the remainder when 414923 is divided by 6595.
6033
Calculate the remainder when 2727057 is divided by 3197.
16
What is the remainder when 98212698 is divided by 4564?
4546
What is the remainder when 889327 is divided by 3518?
2791
Calculate the remainder when 332840 is divided by 8118.
2
What is the remainder when 446643 is divided by 5298?
1611
Calculate the remainder when 73843 is divided by 2960.
2803
What is the remainder when 4834678 is divided by 7926?
7744
What is the remainder when 48168 is divided by 15587?
1407
Calculate the remainder when 116243411 is divided by 200.
11
What is the remainder when 28744273 is divided by 811?
0
What is the remainder when 1381746 is divided by 460576?
18
What is the remainder when 378696 is divided by 28?
24
Calculate the remainder when 88520 is divided by 105.
5
Calculate the remainder when 112754 is divided by 835.
29
Calculate the remainder when 62756531 is divided by 475.
6
Calculate the remainder when 140636 is divided by 679.
83
What is the remainder when 1058104 is divided by 2338?
1328
What is the remainder when 25716177 is divided by 1492?
65
Calculate the remainder when 1740567202 is divided by 871.
868
Calculate the remainder when 12094159 is divided by 6029.
6014
What is the remainder when 2703056 is divided by 540609?
11
Calculate the remainder when 49747888 is divided by 16582620.
28
Calculate the remainder when 17432439 is divided by 535.
534
What is the remainder when 134424 is divided by 33589?
68
What is the remainder when 63424 is divided by 991?
0
What is the remainder when 64676 is divided by 21415?
431
Calculate the remainder when 124138 is divided by 2202.
826
Calculate the remainder when 1297122 is divided by 74.
50
Calculate the remainder when 313714 is divided by 20.
14
Calculate the remainder when 4448294 is divided by 1112025.
194
What is the remainder when 5248269 is divided by 3683?
3677
What is the remainder when 2866729987 is divided by 17?
12
Calculate the remainder when 11315 is divide